base 9?
6
Convert 1000 (base 2) to base 10.
8
Convert -4 (base 5) to base 7.
-4
-100 (base 2) to base 12
-4
Convert 0 (base 7) to base 6.
0
Convert -332 (base 5) to base 2.
-1011100
What is -1 (base 15) in base 3?
-1
Convert -114 (base 5) to base 9.
-37
What is -a1 (base 13) in base 5?
-1011
What is 35 (base 9) in base 8?
40
What is -5 (base 7) in base 4?
-11
-5 (base 13) to base 10
-5
-2 (base 10) to base 15
-2
3 (base 5) to base 16
3
20002 (base 3) to base 6
432
1 (base 5) to base 10
1
What is 8 (base 14) in base 9?
8
-13 (base 5) to base 2
-1000
Convert 0 (base 2) to base 15.
0
What is 32 (base 9) in base 6?
45
Convert 30 (base 5) to base 2.
1111
What is -133 (base 4) in base 8?
-37
Convert -110 (base 4) to base 14.
-16
20 (base 7) to base 2
1110
What is -20 (base 7) in base 8?
-16
-100 (base 2) to base 13
-4
Convert -8 (base 14) to base 12.
-8
What is 89 (base 13) in base 10?
113
5 (base 13) to base 8
5
-3 (base 14) to base 15
-3
3 (base 15) to base 14
3
What is 2 (base 8) in base 11?
2
What is -356 (base 9) in base 11?
-248
Convert 204 (base 6) to base 4.
1030
Convert -11 (base 16) to base 14.
-13
What is -13 (base 8) in base 9?
-12
What is 1100 (base 4) in base 16?
50
Convert 20 (base 4) to base 10.
8
What is 1 (base 14) in base 5?
1
Convert 3 (base 16) to base 13.
3
30 (base 6) to base 9
20
What is 1 (base 4) in base 10?
1
What is 251 (base 6) in base 2?
1100111
Convert 4 (base 10) to base 14.
4
Convert -20 (base 3) to base 6.
-10
12 (base 3) to base 2
101
What is -41 (base 8) in base 2?
-100001
Convert -2 (base 3) to base 9.
-2
-62 (base 13) to base 7
-143
What is -17 (base 13) in base 8?
-24
Convert 27 (base 9) to base 5.
100
Convert 3 (base 16) to base 7.
3
What is 13 (base 4) in base 8?
7
What is 5 (base 11) in base 6?
5
Convert -10101 (base 2) to base 12.
-19
5 (base 6) to base 2
101
Convert 3 (base 4) to base 3.
10
Convert -7 (base 15) to base 14.
-7
Convert 212 (base 5) to base 9.
63
116 (base 7) to base 11
57
What is 23 (base 10) in base 9?
25
Convert -22 (base 9) to base 6.
-32
-220 (base 3) to base 11
-22
-c (base 13) to base 4
-30
What is -67 (base 15) in base 4?
-1201
Convert -6 (base 12) to base 9.
-6
Convert 0 (base 10) to base 6.
0
Convert 140 (base 5) to base 14.
33
-21 (base 3) to base 14
-7
-17 (base 13) to base 6
-32
What is -2221 (base 3) in base 14?
-59
What is 131 (base 9) in base 2?
1101101
What is -10 (base 6) in base 14?
-6
-1111110 (base 2) to base 12
-a6
What is 1 (base 8) in base 3?
1
Convert -10 (base 8) to base 10.
-8
What is -33 (base 15) in base 10?
-48
Convert -3 (base 7) to base 14.
-3
What is 0 (base 10) in base 9?
0
-2 (base 15) to base 12
-2
Convert -12 (base 11) to base 9.
-14
-33 (base 4) to base 2
-1111
What is 11 (base 4) in base 3?
12
-117 (base 16) to base 2
-100010111
What is -1 (base 10) in base 5?
-1
Convert 11 (base 3) to base 9.
4
-11201 (base 3) to base 10
-127
What is -2 (base 15) in base 9?
-2
Convert 232 (base 5) to base 3.
2111
47 (base 9) to base 4
223
Convert 40 (base 6) to base 5.
44
Convert 21 (base 4) to base 5.
14
What is -2330 (base 5) in base 11?
-28a
What is 4 (base 8) in base 3?
11
-176 (base 8) to base 2
-1111110
-39 (base 10) to base 12
-33
What is -1001 (base 2) in base 15?
-9
What is -22 (base 10) in base 2?
-10110
What is -3 (base 7) in base 8?
-3
What is -10 (base 4) in base 15?
-4
Convert 14 (base 6) to base 16.
a
What is -2 (base 11) in base 6?
-2
111 (base 3) to base 5
23
Convert 266 (base 10) to base 6.
1122
Convert 10 (base 3) to base 8.
3
94 (base 15) to base 7
256
0 (base 13) to base 4
0
-21 (base 5) to base 13
-b
What is 1c (base 15) in base 10?
27
-7 (base 13) to base 9
-7
What is -19 (base 11) in base 2?
-10100
20 (base 4) to base 16
8
Convert 2100 (base 3) to base 11.
58
1 (base 13) to base 12
1
7e (base 15) to base 3
11102
-2 (base 11) to base 9
-2
Convert 30 (base 4) to base 2.
1100
What is e9 (base 15) in base 14?
119
1 (base 8) to base 14
1
Convert 0 (base 15) to base 11.
0
1 (base 8) to base 13
1
Convert 32 (base 7) to base 6.
35
b (base 16) to base 6
15
Convert 44 (base 10) to base 12.
38
18 (base 10) to base 6
30
Convert e (base 16) to base 4.
32
Convert -31 (base 14) to base 15.
-2d
What is 10011101 (base 2) in base 15?
a7
8a (base 13) to base 3
11020
Convert -4 (base 9) to base 15.
-4
-1 (base 4) to base 14
-1
-8 (base 16) to base 5
-13
Convert 0 (base 14) to base 15.
0
Convert 13 (base 13) to base 8.
20
-1 (base 4) to base 7
-1
-11 (base 3) to base 2
-100
-1104 (base 5) to base 13
-bb
What is 19 (base 10) in base 14?
15
What is -1 (base 2) in base 11?
-1
What is 5 (base 8) in base 9?
5
Convert -176 (base 11) to base 15.
-d9
What is 77 (base 8) in base 15?
43
-8 (base 14) to base 13
-8
What is 4 (base 6) in base 7?
4
Convert 15 (base 13) to base 14.
14
What is -28 (base 11) in base 10?
-30
Convert -62 (base 10) to base 7.
-116
What is 2 (base 14) in base 2?
10
What is -347 (base 9) in base 3?
-101121
-5b (base 15) to base 12
-72
Convert -36 (base 8) to base 14.
-22
1 (base 12) to base 14
1
-22 (base 5) to base 6
-20
What is 9 (base 16) in base 7?
12
What is -68 (base 15) in base 14?
-70
14 (base 5) to base 7
12
7 (base 11) to base 7
10
-66 (base 9) to base 4
-330
What is -11 (base 2) in base 4?
-3
-14 (base 13) to base 5
-32
-54 (base 7) to base 2
-100111
What is 0 (base 8) in base 14?
0
Convert -10 (base 3) to base 2.
-11
What is 1 (base 3) in base 15?
1
What is 140 (base 8) in base 10?
96
Convert 3 (base 12) to base 4.
3
Convert -41 (base 13) to base 15.
-38
Convert -11 (base 3) to base 11.
-4
Convert -2 (base 10) to base 4.
-2
-1024 (base 5) to base 15
-94
What is 0 (base 8) in base 6?
0
-3 (base 6) to base 2
-11
What is 33 (base 4) in base 16?
f
-49 (base 12) to base 15
-3c
What is -327 (base 8) in base 9?
-258
What is 55 (base 8) in base 14?
33
Convert 54 (base 7) to base 10.
39
What is 10211 (base 3) in base 11?
94
What is 0 (base 2) in base 16?
0
What is -5 (base 16) in base 9?
-5
What is -41 (base 6) in base 10?
-25
What is -5 (base 11) in base 14?
-5
-2 (base 6) to base 7
-2
68 (base 10) to base 8
104
Convert 123 (base 12) to base 5.
1141
What is -4b (base 15) in base 7?
-131
What is 6 (base 10) in base 12?
6
Convert 3 (base 7) to base 3.
10
What is -331 (base 5) in base 12?
-77
What is -12 (base 4) in base 7?
-6
What is -3 (base 12) in base 7?
-3
186 (base 9) to base 16
9f
2 (base 15) to base 2
10
Convert 47 (base 12) to base 10.
55
What is 4 (base 7) in base 16?
4
What is -102 (base 6) in base 3?
-1102
What is -20 (base 4) in base 7?
-11
-100 (base 2) to base 13
-4
What is -52 (base 13) in base 14?
-4b
What is -207 (base 8) in base 14?
-99
-1 (base 2) to base 15
-1
Convert 2 (base 13) to base 11.
2
6 (base 15) to base 4
12
110 (base 2) to base 9
6
What is -166 (base 11) in base 8?
-301
45 (base 9) to base 4
221
Convert -5 (base 12) to base 15.
-5
Convert 202 (base 4) to base 13.
28
What is 0 (base 3) in base 8?
0
Convert 4 (base 13) to base 10.
4
-2 (base 9) to base 4
-2
121 (base 4) to base 8
31
-1 (base 7) to base 10
-1
Convert a (base 12) to base 16.
a
What is -bc (base 14) in base 4?
-2212
Convert 1 (base 6) to base 14.
1
What is 4 (base 13) in base 11?
4
Convert 14 (base 9) to base 16.
d
-4 (base 14) to base 9
-4
Convert -15 (base 10) to base 5.
-30
What is -100000 (base 2) in base 7?
-44
Convert 1d (base 14) to base 5.
102
What is 2 (base 16) in base 8?
2
What is 1 (base 6) in base 15?
1
Convert 2 (base 11) to base 4.
2
What is 0 (base 3) in base 10?
0
-54 (base 12) to base 14
-48
Convert 5 (base 16) to base 12.
5
What is 126 (base 7) in base 14?
4d
Convert 6 (base 9) to base 6.
10
Convert 16 (base 13) to base 4.
103
What is 7 (base 16) in base 7?
10
0 (base 14) to base 13
0
Convert -7 (base 13) to base 14.
-7
Convert -5 (base 8) to base 9.
-5
2c (base 16) to base 4
230
What is -53 (base 8) in base 7?
-61
What is -12 (base 15) in base 14?
-13
What is 111 (base 2) in base 12?
7
What is 100101110 (base 2) in base 9?
365
0 (base 3) to base 10
0
Convert 1 (base 7) to base 2.
1
Convert -13 (base 11) to base 14.
-10
What is -74 (base 9) in base 10?
-67
What is -12 (base 13) in base 7?
-21
-22 (base 4) to base 5
-20
What is 2a (base 12) in base 9?
37
3 (base 4) to base 13
3
Convert 1 (base 7) to base 3.
1
122 (base 4) to base 11
24
Wh